lse
Is 27601 composite?
True
Is 242257 a prime number?
True
Is 260921 a prime number?
True
Is 1155433 composite?
True
Is 9413 a composite number?
False
Is 145735 prime?
False
Is 6991 prime?
True
Is 40961 composite?
False
Is 235618 composite?
True
Is 419141 prime?
True
Is 4406 a composite number?
True
Is 12757 prime?
True
Is 149869 composite?
True
Is 22853 prime?
True
Is 6609 a composite number?
True
Is 5579 composite?
True
Is 141301 prime?
True
Is 3991 prime?
False
Is 143329 composite?
False
Is 88759 a prime number?
False
Is 9551 prime?
True
Is 78509 a composite number?
False
Is 234469 composite?
True
Is 207329 prime?
True
Is 8923 composite?
False
Is 6469 a composite number?
False
Is 96569 a composite number?
True
Is 89801 composite?
True
Is 318439 a prime number?
False
Is 43454 a composite number?
True
Is 353069 prime?
True
Is 128717 prime?
True
Is 2374 a prime number?
False
Is 388007 prime?
False
Is 12761 prime?
False
Is 918469 a prime number?
True
Is 6673 a prime number?
True
Is 44531 a prime number?
True
Is 264599 a prime number?
True
Is 483187 composite?
True
Is 1151 composite?
False
Is 1115233 prime?
False
Is 1149 a prime number?
False
Is 10033 prime?
False
Is 47181 prime?
False
Is 6047 composite?
False
Is 507557 composite?
False
Is 51638 composite?
True
Is 68311 a composite number?
False
Is 161439 prime?
False
Is 19137 prime?
False
Is 1691 a composite number?
True
Is 40259 composite?
True
Is 55043 composite?
True
Is 1062827 prime?
True
Is 310643 composite?
False
Is 152135 a prime number?
False
Is 445261 a prime number?
True
Is 5239139 prime?
True
Is 6547 composite?
False
Is 28486 a composite number?
True
Is 264647 a composite number?
True
Is 1018411 composite?
False
Is 1679 a composite number?
True
Is 4678 composite?
True
Is 2861 composite?
False
Is 4333231 a prime number?
False
Is 11989 a composite number?
True
Is 1543 composite?
False
Is 3241846 composite?
True
Is 173021 a composite number?
False
Is 89141 composite?
True
Is 1057 composite?
True
Is 17209 composite?
False
Is 43141 prime?
False
Is 24305 composite?
True
Is 858281 a composite number?
False
Is 9935 a composite number?
True
Is 75323 prime?
True
Is 153619 prime?
False
Is 22381 prime?
True
Is 12091 composite?
True
Is 611543 composite?
False
Is 126067 composite?
False
Is 12371 composite?
True
Is 16447 a prime number?
True
Is 451 a composite number?
True
Is 40289 a composite number?
False
Is 2616707 a prime number?
True
Is 48071 composite?
True
Is 9151 prime?
True
Is 33287 a prime number?
True
Is 172745 a prime number?
False
Is 150533 a prime number?
True
Is 37691 prime?
True
Is 262381 composite?
True
Is 413411 a prime number?
True
Is 32027 a composite number?
False
Is 1809623 a composite number?
True
Is 2142583 composite?
False
Is 282827 prime?
True
Is 12302023 a composite number?
False
Is 4629 a prime number?
False
Is 16301 composite?
False
Is 3803 a composite number?
False
Is 1345 a composite number?
True
Is 991 composite?
False
Is 31687 a composite number?
False
Is 46597 a prime number?
False
Is 22837 a prime number?
False
Is 8637 a composite number?
True
Is 147911 a prime number?
False
Is 7861 prime?
False
Is 47093 a composite number?
False
Is 14473 composite?
True
Is 532241 prime?
True
Is 58199 a composite number?
False
Is 13523 composite?
False
Is 402859 composite?
False
Is 29689 prime?
False
Is 1031 a prime number?
True
Is 116321 prime?
False
Is 7387 a prime number?
False
Is 42599 a prime number?
False
Is 3299 composite?
False
Is 120499 a composite number?
True
Is 1753513 a composite number?
False
Is 221207 a prime number?
False
Is 9353 composite?
True
Is 61871 prime?
True
Is 52501 composite?
False
Is 162086 prime?
False
Is 38089 composite?
True
Is 246317 composite?
False
Is 654061 a composite number?
True
Is 6826 a composite number?
True
Is 5507 a composite number?
False
Is 211543 prime?
True
Is 294523 prime?
True
Is 46747 prime?
True
Is 67631 prime?
True
Is 44803 a prime number?
False
Is 5065 a prime number?
False
Is 15959 a composite number?
False
Is 302441 a prime number?
False
Is 26081 prime?
False
Is 242327 composite?
True
Is 709 composite?
False
Is 3065 a composite number?
True
Is 49711 a composite number?
False
Is 393947 prime?
True
Is 10495 a composite number?
True
Is 401707 composite?
False
Is 87509 composite?
False
Is 243463 composite?
True
Is 1787993 a prime number?
False
Is 14513 a composite number?
True
Is 941377 a composite number?
True
Is 2530771 prime?
False
Is 46559 a prime number?
True
Is 14813 prime?
True
Is 2357 a prime number?
True
Is 81611 a prime number?
True
Is 863 a composite number?
False
Is 3191 a composite number?
False
Is 317495 a prime number?
False
Is 16871 composite?
False
Is 49103 a prime number?
True
Is 62639 a prime number?
True
Is 1837 a composite number?
True
Is 568219 composite?
True
Is 114697 prime?
False
Is 155395 composite?
True
Is 764027 a prime number?
False
Is 22427 a composite number?
True
Is 85394 a composite number?
True
Is 29201 composite?
False
Is 3691 a prime number?
True
Is 7853 composite?
False
Is 22141 a composite number?
True
Is 177587 a prime number?
False
Is 325931 a prime number?
False
Is 5033 prime?
False
Is 8962163 a composite number?
True
Is 32117 composite?
False
Is 258203 a prime number?
False
Is 95741 prime?
False
Is 1631 composite?
True
Is 604391 a composite number?
True
Is 3737 a composite number?
True
Is 353749 a prime number?
False
Is 233623 prime?
False
Is 106693 a composite number?
False
Is 50663 composite?
True
Is 11965 a composite number?
True
Is 51955 a prime number?
False
Is 1165 a composite number?
True
Is 359561 prime?
True
Is 7003 composite?
True
Is 464083 a composite number?
True
Is 14903 a prime number?
False
Is 418981 prime?
True
Is 2019 a composite number?
True
Is 48215 a composite number?
True
Is 1634303 prime?
False
Is 28349 a composite number?
False
Is 173609 composite?
True
Is 14786 a prime number?
False
Is 70127 prime?
False
Is 124633 a composite number?
False
Is 139967 a prime number?
True
Is 64499 composite?
False
Is 201389 prime?
True
Is 24789 prime?
False
Is 2413 a composite number?
True
Is 84097 composite?
True
Is 2973781 a composite number?
True
Is 877 prime?
True
Is 2203 a composite number?
False
Is 32771 a prime number?
True
Is 13069 composite?
True
Is 1743941 prime?
True
Is 663071 a prime number?
True
Is 400103 prime?
False
Is 2417 composite?
False
Is 3569 a composite number?
True
Is 12723 composite?
True
Is 8501 prime?
True
Is 19489 a prime number?
True
Is 22367 prime?
True
Is 11413 a prime number?
False
Is 72067 prime?
False
Is 81409 a composite number?
False
Is 24281 a prime number?
True
Is 3454195 composite?
True
Is 1445198 a composite number?
True
Is 3579421 prime?
False
Is 114999 composite?
True
Is 29567 composite?
False
Is 362599 a prime number?
True
Is 81611 prime?
True
Is 63241 composite?
False
Is 797539 composite?
False
Is 58847 composite?
True
Is 56779 a composite number?
False
Is 260921 a composite number?
False
Is 180313 composite?
True
Is 1251339 a composite number?
True
Is 45317 a composite number?
False
Is 97771 composite?
False
Is 214311 prime?
False
Is 189481 a composite number?
True
Is 664441 prime?
True
Is 815317 a composite number?
False
Is 2308657 composite?
True
Is 580231 composite?
False
Is 26582 a prime number?
False
Is 1219 a prime number?
False
Is 24649 a composite number?
True
Is 2507 a composite number?
True
Is 2031 composite?
True
Is 109061 composite?
True
Is 182041 a composite number?
False
Is 12403 prime?
False
Is 13057 prime?
False
Is 80338 a prime number?
False
Is 19441 a prime number?
True
Is 127811 composite?
True
Is 26579 a prime number?
False
Is 61027 composite?
False
Is 777313 prime?
True
Is 18581 composite?
True
Is 23227 composite?
False
Is 10399 composite?
False
Is 574157 prime?
True
Is 42593 a prime number?
False
Is 87109 prime?
False
Is 538879 a composite number?
True
Is 195071 a prime number?
True
Is 61909 a composite number?
False
Is 14995 prime?
False
Is 447563 a composite number?
True
Is 1067 prime?
False
Is 140953 a composite number?
True
Is 434879 a composite number?
True
Is 75731 prime?
True
Is 2029634 a prime number?
False
Is 82909 composite?
True
Is 2549797 composite?
True
Is 7609 prime?
False
Is 7639 a prime number?
True